 factors of 1504446?
2, 3, 250741
List the prime factors of 3461581.
3461581
What are the prime factors of 15666427?
7, 23, 13901
What are the prime factors of 1790062?
2, 797, 1123
What are the prime factors of 25057462?
2, 71, 176461
List the prime factors of 203727.
3, 59, 1151
List the prime factors of 290877.
3, 96959
What are the prime factors of 269561?
269561
List the prime factors of 1068810.
2, 3, 5, 23, 1549
List the prime factors of 8394912.
2, 3, 103, 283
What are the prime factors of 44755?
5, 8951
List the prime factors of 2885568.
2, 3, 7, 19, 113
List the prime factors of 82498.
2, 13, 19, 167
List the prime factors of 2749892.
2, 687473
What are the prime factors of 13901954?
2, 11, 17, 37171
What are the prime factors of 32499091?
241, 134851
List the prime factors of 530373.
3, 176791
What are the prime factors of 12647120?
2, 5, 149, 1061
What are the prime factors of 3391913?
7, 151, 3209
List the prime factors of 14066397.
3, 1562933
List the prime factors of 28803424.
2, 13, 69239
List the prime factors of 119755.
5, 43, 557
List the prime factors of 15255421.
29, 526049
What are the prime factors of 51630?
2, 3, 5, 1721
What are the prime factors of 634829?
13, 47, 1039
What are the prime factors of 187030?
2, 5, 59, 317
What are the prime factors of 105588?
2, 3, 7, 419
List the prime factors of 2684858.
2, 11, 122039
What are the prime factors of 41033?
37, 1109
List the prime factors of 453009.
3, 29, 41, 127
List the prime factors of 5399339.
11, 490849
List the prime factors of 517438.
2, 293, 883
What are the prime factors of 30709?
7, 41, 107
List the prime factors of 308941.
17, 1069
What are the prime factors of 2519088?
2, 3, 11, 13, 367
List the prime factors of 183014.
2, 13, 7039
List the prime factors of 2287506.
2, 3, 13, 29327
What are the prime factors of 13754500?
2, 5, 27509
List the prime factors of 356163.
3, 227, 523
What are the prime factors of 6759781?
7, 349, 2767
What are the prime factors of 34513301?
257, 134293
What are the prime factors of 4329529?
83, 52163
What are the prime factors of 98391?
3, 32797
What are the prime factors of 17829908?
2, 4457477
What are the prime factors of 6260538?
2, 3, 19, 54917
List the prime factors of 162410.
2, 5, 109, 149
List the prime factors of 334620.
2, 3, 5, 11, 13
List the prime factors of 2173245.
3, 5, 144883
What are the prime factors of 10251231?
3, 3417077
List the prime factors of 12625229.
23, 97, 5659
What are the prime factors of 46959?
3, 11, 1423
List the prime factors of 9619968.
2, 3, 6263
List the prime factors of 1145711.
7, 163673
What are the prime factors of 249778?
2, 71, 1759
List the prime factors of 182002.
2, 17, 53, 101
What are the prime factors of 746500?
2, 5, 1493
List the prime factors of 2326363.
13, 178951
List the prime factors of 276719.
167, 1657
List the prime factors of 6749934.
2, 3, 109, 10321
List the prime factors of 78628.
2, 11, 1787
List the prime factors of 2557783.
79, 32377
List the prime factors of 3806213.
19, 163, 1229
List the prime factors of 585633.
3, 17, 11483
What are the prime factors of 1283564?
2, 19, 16889
What are the prime factors of 261143?
113, 2311
List the prime factors of 1466893.
1466893
List the prime factors of 1052562.
2, 3, 7, 19, 1319
What are the prime factors of 334150?
2, 5, 41, 163
What are the prime factors of 42061822?
2, 11, 37, 51673
What are the prime factors of 336497?
7, 53, 907
List the prime factors of 1165759.
7, 37, 643
List the prime factors of 478432.
2, 14951
List the prime factors of 4972171.
37, 61, 2203
List the prime factors of 189700.
2, 5, 7, 271
List the prime factors of 18468.
2, 3, 19
What are the prime factors of 7037038?
2, 199, 17681
List the prime factors of 408017.
17, 24001
What are the prime factors of 267508?
2, 66877
List the prime factors of 220943.
109, 2027
What are the prime factors of 2015665?
5, 403133
List the prime factors of 220865.
5, 163, 271
What are the prime factors of 527295?
3, 5, 35153
What are the prime factors of 731635?
5, 131, 1117
What are the prime factors of 34730?
2, 5, 23, 151
List the prime factors of 87460.
2, 5, 4373
List the prime factors of 124249.
124249
What are the prime factors of 7160363?
7, 41, 61, 409
List the prime factors of 879132.
2, 3, 61, 1201
What are the prime factors of 7742762?
2, 3871381
List the prime factors of 775663.
7, 29, 3821
List the prime factors of 324469.
324469
What are the prime factors of 381995?
5, 19, 4021
What are the prime factors of 3005528?
2, 43, 8737
List the prime factors of 321165.
3, 5, 13, 61
List the prime factors of 1435072.
2, 17, 1319
List the prime factors of 4956189.
3, 7, 53, 61, 73
What are the prime factors of 12804398?
2, 47, 136217
What are the prime factors of 249825?
3, 5, 3331
List the prime factors of 4419165.
3, 5, 29, 10159
What are the prime factors of 4246580?
2, 5, 13, 16333
What are the prime factors of 66479?
7, 9497
List the prime factors of 216611.
53, 61, 67
What are the prime factors of 2515294?
2, 1257647
What are the prime factors of 696539?
31, 22469
What are the prime factors of 1879743?
3, 626581
What are the prime factors of 3187132?
2, 13, 61291
What are the prime factors of 15730877?
53, 293, 1013
What are the prime factors of 1270765?
5, 37, 6869
List the prime factors of 43116.
2, 3, 3593
What are the prime factors of 1760945?
5, 17, 20717
List the prime factors of 3916659.
3, 181, 7213
List the prime factors of 497309.
497309
List the prime factors of 803700.
2, 3, 5, 19, 47
What are the prime factors of 260528?
2, 19, 857
What are the prime factors of 731982?
2, 3, 121997
What are the prime factors of 62948?
2, 15737
What are the prime factors of 24842?
2, 12421
List the prime factors of 2835623.
7, 405089
List the prime factors of 27199.
59, 461
What are the prime factors of 392294?
2, 7, 4003
List the prime factors of 191251.
191251
List the prime factors of 241886.
2, 120943
List the prime factors of 5848723.
5848723
List the prime factors of 5054373.
3, 131, 1429
What are the prime factors of 37328802?
2, 3, 7, 888781
What are the prime factors of 5973805?
5, 239, 4999
What are the prime factors of 15433868?
2, 331, 11657
What are the prime factors of 7646259?
3, 2548753
What are the prime factors of 3428056?
2, 19, 1187
List the prime factors of 481184.
2, 11, 1367
List the prime factors of 5569453.
47, 71, 1669
List the prime factors of 3180946.
2, 23, 69151
List the prime factors of 97396.
2, 13, 1873
List the prime factors of 205840.
2, 5, 31, 83
List the prime factors of 7415783.
7415783
What are the prime factors of 13172973?
3, 11, 399181
List the prime factors of 317125.
5, 43, 59
List the prime factors of 2393433.
3, 7, 37991
What are the prime factors of 1670211?
3, 151, 1229
What are the prime factors of 33938595?
3, 5, 9311
List the prime factors of 918522.
2, 3, 11, 4639
What are the prime factors of 2340959?
2340959
What are the prime factors of 760325?
5, 17, 1789
What are the prime factors of 920405?
5, 184081
What are the prime factors of 13454368?
2, 53, 7933
What are the prime factors of 292181?
292181
List the prime factors of 593465.
5, 19, 6247
What are the prime factors of 351267?
3, 7, 43, 389
List the prime factors of 1887623.
443, 4261
List the prime factors of 9898799.
9898799
What are the prime factors of 34513696?
2, 7, 154079
What are the prime factors of 16806696?
2, 3, 700279
List the prime factors of 108370.
2, 5, 10837
List the prime factors of 9425131.
263, 35837
List the prime factors of 2038674.
2, 3, 11, 17, 23, 79
List the prime factors of 26950709.
26950709
List the prime factors of 550077.
3, 11, 79, 211
What are the prime factors of 1005737?
17, 67, 883
List the prime factors of 5847226.
2, 7, 11, 43, 883
List the prime factors of 41006.
2, 7, 29, 101
What are the prime factors of 179102?
2, 7, 11, 1163
What are the prime factors of 229675?
5, 9187
List the prime factors of 397790.
2, 5, 39779
List the prime factors of 2606259.
3, 29, 1033
List the prime factors of 263765.
5, 71, 743
What are the prime factors of 764524?
2, 17, 11243
What are the prime factors of 298805?
5, 13, 4597
What are the prime factors of 10063577?
10063577
List the prime factors of 2533641.
3, 11, 76777
Wha